factors of t?
3, 5, 31
Suppose 65317 = 14*i - 139497 - 147314. What are the prime factors of i?
2, 3, 131
Let l = 21957 + -11605. What are the prime factors of l?
2, 647
Let z(f) = 8 + 2 + 10*f + 12*f - f. Let t be z(-4). List the prime factors of t/(-4) + (-2)/4.
2, 3
Let u(i) = 62*i - 169. Let b(w) = -179*w + 508. Let c(o) = -4*b(o) - 11*u(o). List the prime factors of c(20).
3, 13
List the prime factors of 213*(-187)/(-306)*12.
2, 11, 71
Suppose -19 - 68 = -5*i - 4*p, p = 5*i - 72. Suppose -i = -5*z + x - 6*x, -5*x = -2*z - 29. List the prime factors of (2*(-5)/z)/((-14)/(-238)).
5, 17
Let u be 510/21 - -3 - (-8)/(-28). Suppose 2*f + 4*s = 400, -u*f + 364 = -25*f - 5*s. List the prime factors of f.
2, 3
Let j(p) be the first derivative of 44*p**3/3 - 3*p**2 - 5*p + 1. Suppose -90*n - 148 = -68 + 100. List the prime factors of j(n).
3, 61
Let g be 9 - (-11)/((-11)/7). Suppose -2*d + 2125 = 3*a - 476, -g*d = 5*a - 2595. List the prime factors of d.
3, 5, 29
Let p(j) = 59*j**2 + 3*j - 5. Let o(k) = -28*k**2 - k - 4*k - 2 + 9 - 61*k**2. Let w(s) = 5*o(s) + 8*p(s). What are the prime factors of w(-2)?
3, 5, 7
Suppose 19*g = 11*g - 144. What are the prime factors of g/(-81) + 6004/36?
167
Let n(r) be the third derivative of 173*r**6/30 + r**5/60 - r**4/24 - r**3/6 - 95*r**2. List the prime factors of n(1).
691
Suppose 2*q = 2*h + 10578, 4*h + 17664 - 1805 = 3*q. What are the prime factors of q?
5297
Suppose -28 = -11*h + 27. Suppose -609 = 2*f + h*f. Let z = 51 - f. What are the prime factors of z?
2, 3, 23
Let o = -8316 - -26656. List the prime factors of o.
2, 5, 7, 131
Suppose -7*p = -65*p + 191748. What are the prime factors of p?
2, 3, 19, 29
Let o(x) = -2*x**3 + 4*x**2 - 13*x - 6. Suppose 2*f + 0 - 10 = 0. Let s be o(f). List the prime factors of s/(-26)*(13 + -1).
2, 3, 17
Suppose 3*j + 3696 = 3*b - 0*b, 0 = -2*b + 4*j + 2462. Suppose b*l - 4196 = 1229*l. What are the prime factors of l?
1049
Let t be 2 + 478 + -1 - -5. What are the prime factors of t + (-4 - (3 + 1 + -3))?
479
Suppose 7*c + 25*c = 235*c - 8221094. What are the prime factors of c?
2, 20249
Suppose -8225 + 71677 = 58*v. List the prime factors of v.
2, 547
Let q be 40/15*(-378)/24. What are the prime factors of q/12 + 3 + (-3089)/(-2)?
2, 193
Suppose -253806 - 432904 - 201293 = -9*y. What are the prime factors of y?
3, 19, 577
List the prime factors of (31473/65)/(21/35).
3, 269
Suppose -71*t + 8196402 = 58*t. List the prime factors of t.
2, 31769
Let w be (-20)/8*20/25. Let m(g) = -59*g + 30. List the prime factors of m(w).
2, 37
Let i = -104 + 454. List the prime factors of i.
2, 5, 7
Let b(f) = 386*f**2 - 63*f - 7. What are the prime factors of b(-3)?
2, 457
Let h = 38 + -34. Suppose -5*n - h*l + 13 = 0, -4*l - 2 = 2*n - 0*n. Suppose 0 = 4*a - 9 + 5, n*a = -o + 207. List the prime factors of o.
2, 101
Let u = 680 - -224. Suppose -2*b + 458 = k, 4*k = 6*b - 2*b - u. What are the prime factors of b?
2, 3, 19
Let s be 4 + -3 + -12 + 11. What are the prime factors of (8 - (s - -3))*543/5?
3, 181
List the prime factors of (-17)/(153/(-2604))*(34 + 6 + 2).
2, 7, 31
Let r(f) = -30*f + 14 + 24*f - f**3 - 8*f**2 + 22*f + 2*f. Let u be ((-45)/12)/(-6 - (-204)/32). List the prime factors of r(u).
2, 17
Let b = -24004 - -27219. List the prime factors of b.
5, 643
Let s(n) = -6*n + 55. Suppose -4*o + 103 = 23. Let p be s(o). List the prime factors of 2/(-10) - 2223/p.
2, 17
Suppose -5*i = -2*q - 165, q + q + 4*i = -192. Let x be 713/3 + (-30)/q. Let g = -162 + x. What are the prime factors of g?
2, 19
Suppose -3*d + d + 5*o = 256, -2*d = o + 280. What are the prime factors of (25 - 73)/((-3)/d*-3)?
2, 23
Suppose -f - 17756 = -13*f + 40504. What are the prime factors of f?
5, 971
Let s(v) be the second derivative of -v**5/24 - 11*v**4/8 - 4*v**3/3 + 38*v. Let g(h) be the second derivative of s(h). List the prime factors of g(-11).
2, 11
Let x(u) = -2 - 2*u**3 - 3*u**3 - 21*u + 4*u**3 + 16*u**2. Let z(b) = -b**3 + 29*b**2 + 171*b - 21. Let q be z(34). List the prime factors of x(q).
2, 29
Let r be 4/14 - ((-40)/56)/1. Let u(q) = 781*q**2 + 3*q. Let p be u(r). Suppose 10 = -4*f - 6, 4*d - p = 4*f. What are the prime factors of d?
2, 3
Suppose -2*p + 5*p = 2*u + 152170, 0 = 2*p - u - 101446. What are the prime factors of p?
2, 7, 3623
Suppose -3 = 3*b - 2*m - 2, -20 = 4*b + 2*m. Let q(z) = 17*z**2 - 7. Let y be q(b). Suppose v - 2*s = 152, -y = -v - 2*s - 2*s. List the prime factors of v.
2, 3, 5
Suppose 0 = -4*r + 2*w + 84, 4*r = 2*r - w + 50. Suppose 18*p - r*p = -835. List the prime factors of p.
167
Let b = -26 + -58. Let g be 4/10 + b/35. List the prime factors of g/(-6) + 6256/51.
3, 41
Let d be (5/(-5) - -1)/(-2). Suppose z + 1 + 1 = d. What are the prime factors of (-1)/(-2) - 65/z?
3, 11
Suppose -11*z + 8*z + 3 = 0. Let w(p) = 642*p + 5. List the prime factors of w(z).
647
Suppose 7*v - 2*v = 0. Suppose 5*h = 3*y - 39, v*y - y = -h - 11. Let s(k) = -k**3 + 12*k**2 - 11*k - 2. What are the prime factors of s(y)?
2, 83
Suppose b - 9035 = -5*f - 2610, -2*f = -4*b + 25590. List the prime factors of b.
2, 5
Let h(k) be the first derivative of 5*k**2 - k - 10. Let d be h(1). Suppose -d*u = -15*u + 186. What are the prime factors of u?
31
Let w = 7 + -5. Let h be w - (4/14 - (-2776)/(-14)). Suppose 2*z = 4*n - 478, 3*n - 152 = -5*z + h. List the prime factors of n.
7, 17
Let v be 6/7*(-350)/150. Suppose 48 = 2*q - q. What are the prime factors of (q - v) + -1 + -2?
47
Suppose -4*q - 2*w + 26 = 0, q - 8 - 3 = 4*w. Suppose 65*c - 14094 = q*c. What are the prime factors of c?
3
Let n be 5 - ((-2)/6 + (-19)/(-57)). Suppose t = n*v + 1204, 5*t = -4*v + 2054 + 4053. What are the prime factors of t?
23, 53
Suppose -5*n + 3*x = -15 - 17, -n - 4 = 2*x. Suppose n*h = 6*h - 4. Suppose 0*z = h*z - 66. What are the prime factors of z?
3, 11
Let m = -28 - -25. Let b be 149/m + 13/(-39). Let u = b - -59. What are the prime factors of u?
3
Let y(m) = -90*m - 1198*m**2 + 1219*m**2 + 88*m - 5. Let o be ((-3)/2)/((-3)/(-6)). What are the prime factors of y(o)?
2, 5, 19
Let a = -1814 + 785. Let i = -295 - a. List the prime factors of i.
2, 367
Let v(s) = -2*s**2 - 13*s + 1. Let j be v(-7). What are the prime factors of (-9)/(-2)*(-424)/j?
2, 3, 53
Let q(t) = 2*t**2 + 11*t - 1. Let n be q(-7). What are the prime factors of -565*-3*4/n?
3, 113
Suppose 3*z - 312949 = -m - 108662, -5*z + 4*m + 340501 = 0. What are the prime factors of z?
3, 22699
Let k = 24164 + -9215. List the prime factors of k.
3, 11, 151
Let v(y) = y**2 + 4*y - 75. Let u be v(-21). Let j = u + 64. List the prime factors of j.
2, 173
Suppose -4*c + 5*a = -45, 3*a = c - 2 - 18. Suppose u = c*b - 4380, -u - 3*u - 2628 = -3*b. What are the prime factors of b?
2, 3, 73
Suppose -1158 = 5*f - 2*u, -3*u + 229 = -5*f + 4*f. Let p = 29 - f. Suppose -7 = 2*k - p. List the prime factors of k.
127
Let u(h) = 1041*h - 1009. List the prime factors of u(9).
2, 5, 11, 19
Let u be (-4175)/(-10)*((-28)/10 - -2). Let m = 982 + u. What are the prime factors of m?
2, 3
Let m be (-5)/(-24)*6*(1 - -23). Suppose 24*n = m*n - 1476. What are the prime factors of n?
2, 3, 41
What are the prime factors of -4 - (-7 - -3) - (-23 - 0)?
23
Suppose -8*h + 53757 + 19437 = 14*h. List the prime factors of h.
3, 1109
What are the prime factors of (28/6)/(476/1540098)?
3, 7, 719
Suppose 55*y - 688800 = -11*y - 9*y. List the prime factors of y.
2, 7, 41
What are the prime factors of ((-32)/(-24))/((-20)/(-999765))?
3, 13, 1709
Suppose 2*y + 5*b - 4*b = 7, 14 = 3*y + 5*b. Suppose -4*i + 18 = -i - r, 2*r - 27 = -y*i. List the prime factors of (-2888)/(-48) - (i/6)/7.
2, 3, 5
Let w(s) = -3*s + 83. Let a be w(26). Suppose -5*g + 3311 = -g + a*f, -5*g - f = -4165. What are the prime factors of g?
2, 3, 139
Suppose -3769 = -3*h + m, 4*m - 3749 = -0*h - 3*h. Suppose -59 = 4*l - h. Let f = l - 193. What are the prime factors of f?
2, 53
Let n(c) = c**2 + 3*c + 12. Let m be n(-4). Suppose 7*k - 3*k = m. What are the prime factors of (9 - -5 - 1*k)*10?
2, 5
Let o(v) = 3*v**2 + 3*v - 9. Let w be o(5). Let l(d) = 16*d**2 - 4*d + 2. Let r be l(3). Let s = r - w. List the prime factors of s.
53
Suppose -3*x + 4*j = -3679 - 535, -5*x = 3*j - 6975. Suppose -x - 1430 = -7*y. What are the pr